 List the prime factors of b(11).
11
What are the prime factors of (4 - (-45)/(-12))*6*398?
3, 199
Let h be -3 - 1*42*(-6)/4. Suppose -4*z = k - 0 - 31, 0 = 5*k + z - h. What are the prime factors of k?
11
Let x = -1054 - -2211. What are the prime factors of x?
13, 89
Suppose -33*d + 11893 = -5498. List the prime factors of d.
17, 31
Suppose 2*v - 3*p - 5316 = -5*p, -2*p - 2670 = -v. List the prime factors of v.
2, 11
Let i = 2028 + -1372. Let q = -57 + 189. What are the prime factors of i/22 + 24/q?
2, 3, 5
Suppose -5*v = -a - 103, -2*a - 20 = -3*v + 46. What are the prime factors of v/(-6)*6/(-4)?
5
Suppose -2*i + 3*i = 2*v - 79, 0 = 3*v + 6. Let y = i - -117. What are the prime factors of y?
2, 17
Suppose -1635 + 1206 = -i. List the prime factors of i.
3, 11, 13
Suppose -2*r = -2*k - 4, -2*k = k + r - 6. Let w(o) = 72*o**3 - o**2 + 2*o - 1. What are the prime factors of w(k)?
2, 3
Let r(z) = z - 12. Let v be r(15). Suppose -23 = -4*b - 3. Suppose -b*u - v*l + 183 = 0, -3*l = -u + 3*u - 66. List the prime factors of u.
3, 13
Let c(v) be the first derivative of 38*v**2 - 13*v + 30. List the prime factors of c(3).
5, 43
Let h = -30 - -38. Suppose h*z = -0*z + 1160. What are the prime factors of z?
5, 29
Let q(r) = -2*r - 22. Let s be q(-11). Suppose s = -9*z + z + 560. List the prime factors of z.
2, 5, 7
Let d be 4 - 4/(5/(-5)). Let x = d - 6. Suppose -5*j + 0*j - x*g + 95 = 0, 0 = -4*j + 2*g + 94. What are the prime factors of j?
3, 7
Let n be 8/(-20) + 958/(-5). Let g(s) = -6*s + 16. Let w be g(5). List the prime factors of n/w - (-12)/42.
2, 7
Let d be ((-38)/19)/((6/(-4))/3). What are the prime factors of d + 37 + 3 + -1 + -4?
3, 13
What are the prime factors of ((-11)/(11/10))/((-2)/88)?
2, 5, 11
Let n(x) = -x**3 - 3*x**2 - x + 2. Let k = 14 + -17. Let i be n(k). Suppose p + 5*u = -4 + 56, -i*p = -2*u - 125. List the prime factors of p.
3
What are the prime factors of (-18)/6*2/(-6)*739?
739
Let r = 19 - 9. Let p = 4 - r. Let h(n) = -n**2 - 13*n + 6. List the prime factors of h(p).
2, 3
Let z be (-2)/6 + (-3656)/(-24). Suppose 4*a = -o + z, 0 = -0*a - 4*a + 20. List the prime factors of o.
2, 3, 11
Let v(r) = -4*r**2 - 31*r - 14. Let u be v(-7). Suppose 0 = -u*y - 0*y + 1057. What are the prime factors of y?
151
Let a be ((-1)/3)/((-4)/60). Suppose -a + 3 = -r. Suppose -3*v + 3*f + 123 = 0, 5*f - 147 = r*v - 5*v. What are the prime factors of v?
2, 11
Let k be (4/2)/((-5)/(45/3)). List the prime factors of (-173)/(-2) + k/(-12).
3, 29
Let h be ((-5)/(-10))/(4/40). Suppose h*r = -49 - 1. Let q = r + 26. List the prime factors of q.
2
Let p(m) = 5*m**2 + 13*m + 16. List the prime factors of p(-5).
2, 19
Let m = 1863 - -255. List the prime factors of m.
2, 3, 353
Let k = -137 - -214. Let m = k + 14. Suppose -5*v + 98 = 4*q, 0 = -3*q + 6*v - v + m. List the prime factors of q.
3
Let l = 292 - 195. Suppose -5*n - 2*c + 1481 = 0, -2*n + 690 = c + l. What are the prime factors of n?
5, 59
Let t = 8 + -3. Let s be (t/(-15))/((-1)/309). Let g = s - 66. List the prime factors of g.
37
Suppose 0 = 2*u - a + 1, 0 = 4*u - a - 2 + 3. Suppose u = 4*x - 235 + 11. List the prime factors of x.
2, 7
Let t(z) = 3*z**2 + 5*z + 9. Let f be t(-3). Suppose 2*u - f = -u. List the prime factors of u.
7
Let u(j) = -7*j + 3. Let i(f) = -7*f + 4. Let w be ((-12)/(-16))/(3/12). Let y(m) = w*u(m) - 4*i(m). What are the prime factors of y(5)?
2, 7
Let y = 84 - 40. Suppose -2*l - 5*d + y = 0, 2*l + 3*d = 3*l - 11. Let z = 35 - l. What are the prime factors of z?
2, 3
Suppose -2*m - 529 = -f + 490, 0 = -4*f - 4*m + 4112. What are the prime factors of f?
5, 41
Let w = 279 + -405. Let y be (-75)/(-5*(-4 - -3) - 4). Let p = y - w. What are the prime factors of p?
3, 17
Let b be 2*-2 - (-1)/1. Let x(t) = -2*t - 4. Let w be x(-18). List the prime factors of (-2 - 0) + w + b.
3
Let c(w) = -4*w**2 - 21*w. Let a be c(-5). What are the prime factors of (-2)/7 - (a + (-8197)/49)?
2, 3
Let g(p) = 374*p**2 + 3*p + 7. List the prime factors of g(-2).
3, 499
Let q(t) = t - 7. Let k be q(-7). Let o = 26 + -50. Let l = k - o. List the prime factors of l.
2, 5
Suppose -20 + 44 = 2*i. Let g(b) = -b**2 + 20*b + 14. What are the prime factors of g(i)?
2, 5, 11
Let x = -283 - -674. List the prime factors of x.
17, 23
Let a be ((-9)/(-5))/(1/5). Suppose -6*h = -a*h + 165. Let j = 90 - h. List the prime factors of j.
5, 7
Let l be ((-8)/16)/((-1)/54). Let n = -42 + l. Let s = 25 + n. List the prime factors of s.
2, 5
Let d be (2/(-4))/(3/126). Let p be -26*d/(-6)*1. List the prime factors of (p - -10)*2/(-6).
3
Suppose 3*z = 2*t - 7, 4*t = -0*t + 3*z + 23. Let h(a) = -a + 13. Let n be h(t). Suppose n*o = 3 + 7. List the prime factors of o.
2
Suppose -3*b - 60 - 69 = -3*w, 4*w - 2*b - 170 = 0. List the prime factors of w.
2, 3, 7
Suppose 0 = -5*o - 253 - 137. List the prime factors of ((-96)/36)/(4/o).
2, 13
Let h(y) = 4*y**2 + 6*y + 5. Let i be h(-14). Suppose 3*z + 96 = i. List the prime factors of z.
7, 29
Let m = 387 - 33. Let a = m - 208. List the prime factors of a.
2, 73
Let s(g) = g**3 + 46*g**2 + 39*g + 88. List the prime factors of s(-45).
2, 179
Let f = 3 + 0. Suppose 5*m - 341 = 2*n, -f*m = -n - n - 339. What are the prime factors of (-3 - n/3)/1?
53
Let q(w) = -153*w - 296. List the prime factors of q(-39).
53, 107
Let m(x) = 5*x**3 + 6*x**3 + 2*x**3 - 14 - 13*x - 9*x**2. Let s be m(-6). What are the prime factors of s/(-60) + (-4)/30?
3, 17
Let n = 3984 + -1332. List the prime factors of n.
2, 3, 13, 17
Suppose -12*b = -8*b + 284. Let k(q) = -10*q + 3. Let h be k(5). Let i = h - b. What are the prime factors of i?
2, 3
Suppose -2*d = -10, 4*p + 16*d - 2415 = 13*d. List the prime factors of p.
2, 3, 5
Let g = 0 - 271. Let a = 441 + g. List the prime factors of a.
2, 5, 17
Suppose 0 = 9*z - 1280 + 254. List the prime factors of z.
2, 3, 19
Let w(x) = -x**3 - 2*x**2 + 10*x + 12. Let z(c) = 5*c + 48. Let k be z(-11). List the prime factors of w(k).
11, 17
Let g(h) = -2*h**2 - 6*h + 13. Let p be g(-6). Let u = 28 + p. List the prime factors of (-5)/(-25) - (-224)/u.
3, 5
Let g(o) = -o + 10. Let n be g(7). Let s(w) = 12 - 3*w**3 + 7 - w + 4*w**3 - 2*w**n. What are the prime factors of s(0)?
19
Suppose 3*k - 10577 = -5*m, 3*k - 4*m + 3521 = 4*k. What are the prime factors of k?
3529
Suppose -12*f + 0*f + 1752 = 0. What are the prime factors of f?
2, 73
Let z = -95 + 158. Let n = 36 + z. What are the prime factors of n?
3, 11
Suppose 21*f + 18*f = 4212. List the prime factors of f.
2, 3
Let b be (49 + -2 - -1) + 0 + 0. Let t = b + 14. What are the prime factors of t?
2, 31
Suppose 0 = 2*u + 4*g + g - 1274, 2*g - 1268 = -2*u. What are the prime factors of u?
2, 79
List the prime factors of (10/5)/((-2)/(-1333)).
31, 43
Let n(f) = f**2 + 2*f - 2. Let c(p) = -p**3 - 8*p**2 - 6*p - 7. Let b be c(-7). Let w = 10 + b. What are the prime factors of n(w)?
2, 3
Let o(w) = 139*w**2 + 3*w + 11. What are the prime factors of o(-2)?
3, 11, 17
Suppose 21 = 5*n - 4. Suppose h = 3*h - 8, 0 = n*f - h + 24. Let b = f + 34. What are the prime factors of b?
2, 3, 5
What are the prime factors of (-24)/(-15) + 4564/10?
2, 229
Suppose -w + v = -4, 5*w - 1 = 2*v + 22. Suppose w*j + 20 = k + 48, 0 = 4*j + 5*k - 5. What are the prime factors of j?
5
Let t(j) = -16*j + 1. Let g(z) = z**3 - 13*z**2 + 11*z + 11. Suppose -5*c = -0*c - 60. Let m be g(c). What are the prime factors of t(m)?
17
Let p = 32 - 21. Suppose -p = 5*s - 271. Suppose -5*r + s = -33. What are the prime factors of r?
17
Let u(z) = z**3 - z + 1. Let c(h) = -4*h**3 - 10*h**2 - h + 1. Let s(q) = c(q) + 5*u(q). What are the prime factors of s(11)?
61
Suppose -z - 1255 = -2*s, -9*s = -8*s - z - 626. List the prime factors of s.
17, 37
Let u(l) = 26*l + 43. Let m be u(-3). Let c be 4*2/((-16)/18). Let k = c - m. List the prime factors of k.
2, 13
Suppose 0 = -4*b - 2*u - 499 + 2395, -2*b + 960 = 4*u. List the prime factors of b.
2, 59
Suppose 5*l + 4*v - 145 + 25 = 0, -5*v - 15 = -2*l. Suppose -3*w = w - l. Suppose w*t = -0 + 10. What are the prime factors of t?
2
Let c(z) = -60*z - 4. Let f be c(-3). Let w = -126 + f. What are the prime factors of w?
2, 5
Suppose 5*u + 58 = 18. Let f(p) = -3 - 3*p - 1 - 4. What are the prime factors of f(u)?
2
Let